12. Let d(k) = 35*k + 17. Let n(f) = -5*d(f) + 8*i(f). Determine n(3).
-10
Let s(j) = j**2 + 19*j + 75. Let z be s(-6). Let d(k) = -k**3 - 5*k**2 + 3. Give d(z).
-15
Suppose 10 = -5*t + 20. Let z(u) = 13*u - t*u - 16 - 10*u. Give z(11).
-5
Let b(n) = -n - 1. Let t be (-2)/(-2) - 2 - -5. Let w be t/(-10) + (-60)/(-150). Give b(w).
-1
Let w(h) = 7*h**3 - 21*h**2 + 7*h + 25. Let n(v) = 4*v**3 - 11*v**2 + 3*v + 13. Let c(m) = -5*n(m) + 3*w(m). Determine c(7).
3
Let z(s) = -5*s**2 + 7*s - 1. Let c(k) = 9*k**2 - 13*k + 3. Let p(l) = -6*c(l) - 11*z(l). Suppose -5*u + 2*u = v - 3, -2*u - 4*v = -12. Determine p(u).
-7
Let d(x) = -3*x + 4. Let r(f) = -f**3 - 7*f**2 - 9*f + 4. Let p be r(-3). Give d(p).
19
Let v(u) be the second derivative of 1/3*u**4 + 7/6*u**3 + 0 - 2*u**2 + u - 1/20*u**5. Let t be v(5). Let r(s) = s**3 - 7*s**2 + 7*s. Give r(t).
6
Suppose 0*x + x + 7 = -4*o, -5*o = -5*x + 40. Let w be (-4)/8 + o - (-9)/6. Let k(g) = -g - 1. Calculate k(w).
1
Let r be 8/72 - 26/(-9). Let m(f) = 2*f**2 - 3*f - 3. Determine m(r).
6
Let t(l) = -l**2 + 3*l - 1. Suppose 0*p = -5*p. Let m(o) = p + o + 13 - 7. Let g be m(-3). Determine t(g).
-1
Let v(i) = 6*i - 16. Let l be v(3). Let t(q) = -20 + 18 - 2*q + q**l - 5*q. Let o = 9 + -3. Calculate t(o).
-8
Let t(j) be the first derivative of 5/3*j**3 + 5/2*j**2 + 3*j + 1/4*j**4 - 7. Determine t(-3).
6
Let f(v) = -45*v**3 + v**2. Let g be (144/108)/((-4)/(-3)). Determine f(g).
-44
Let y(p) = p**3 - 2*p**2 - 2*p - 7. Let a(b) = -21*b - 186. Let r be a(-9). Determine y(r).
-4
Let x be 2*2/(-4) - 2 - -5. Let d(n) = -2*n**x - 3*n + 2 - 5*n**2 - 4*n + 8*n**2. Suppose -5*s + o + 10 = -2*s, -5*o + 10 = 0. Calculate d(s).
-10
Let u(m) = -m**2 - 9*m - 1. Let s = -570 - -566. Determine u(s).
19
Let q(v) be the third derivative of -1/12*v**4 - 7*v**2 + 0 - 1/6*v**3 + 0*v. Give q(-7).
13
Let p be 5/50 - (2 - 693/70). Let w(f) = f**2 - 8*f - 10. Give w(p).
-10
Let w(q) = -15 + 2*q**3 + q + 0*q**3 - q**2 - 3*q**3. Let o(b) = 2*b - 15. Let f(d) = 5*d - 31. Let l(v) = -3*f(v) + 7*o(v). Let i be l(-12). What is w(i)?
-15
Let a(t) = 11*t - 24*t + 17*t + 7 + t**2. Calculate a(-4).
7
Suppose -2*v - 74 = 4. Let h = -22 - v. Let j(g) = g + 1. Let s(z) = -3*z - 3. Let r(y) = h*j(y) + 6*s(y). What is r(3)?
-4
Let l be 16/12 - 3/9. Let f(g) = -g + 1. Let q(m) = -m**3 + 8*m**2 + 9*m - 8. Let d(k) = l*f(k) - q(k). What is d(9)?
0
Let u(f) = -f**3 - 12*f**2 + f + 5. Suppose 417*q + 168 = 403*q. What is u(q)?
-7
Let h(j) = j**3 - j**2. Let g(t) = -4*t**3 + 8*t**2 - 5*t + 7. Let n(u) = -g(u) - 3*h(u). Calculate n(3).
-10
Suppose -3*f + 14 = 5. Suppose -4*w + 130 = 2*l, f*l - 4*l + 5 = 0. Suppose -q - w = -6*q. Let x(k) = k**2 - 5*k - 6. Determine x(q).
0
Let o(c) = 4*c - 2. Let x be 4/8 - 30/(-4). Suppose x = 2*v + 4. Let w be o(v). Let p(q) = -q - 6. What is p(w)?
-12
Suppose 3*g + 8 = -v - v, 0 = 4*v - 4*g - 24. Let c(l) = -2 - 1505*l**2 + 1506*l**2 - 2 + v*l + 0. Give c(-3).
-1
Let s(h) = 3*h - 3. Suppose 0*o + 4*o = 24. Suppose -m - 2*c - o = -0*c, 4*m + 5*c + 12 = 0. Calculate s(m).
3
Suppose 4*o = 7*o + 15. Let b(j) = 4*j**2 - 5*j**2 + j**3 + 5*j**2 + j**2 + 6. Calculate b(o).
6
Let n(f) be the third derivative of -f**6/120 - f**5/15 + 5*f**4/24 + 7*f**3/6 - 42*f**2. Give n(-5).
7
Let n = 11 + -6. Suppose -2*m - 4 = 0, -4*h - n*m - 3 + 81 = 0. Let i = h - 17. Let g(z) = z**3 - 4*z**2 - 2*z - 5. Give g(i).
10
Let o(q) be the second derivative of -q**5/10 - q**4/4 - q**3/6 - q**2/2 - 153*q. Let l be (1/3)/(4/(-24)). Give o(l).
5
Let n(i) = -i**3 + 3*i**2 + i - 3. Let s = -76 - -242. Let l = -163 + s. Give n(l).
0
Let b(w) be the third derivative of -w**7/840 - 7*w**6/360 + w**5/15 + w**4/24 - 3*w**3/2 - 7*w**2. Let t(n) be the first derivative of b(n). Give t(-8).
1
Suppose 0 = 45*x + 10*x - 220. Let u(z) = -z**3 + 5*z**2 - 4*z + 4. Calculate u(x).
4
Suppose 2*o - 4*h = 4, 4*h - 8 = -o - 0*o. Let w(d) = d**3 - d**2. Let t be w(1). Let u(r) = t + 5 + r + r - r. Determine u(o).
9
Let q(i) = i**2 - 5*i + 1. Suppose 34*o + 54 = 43*o. Give q(o).
7
Let y(c) be the first derivative of -c**4/4 - 7*c**3/3 - 7*c**2/2 + 11*c + 54. Calculate y(-6).
17
Let g(o) = -o**2 - 13*o - 25. Let r(f) = -f**2 - 5*f - 10. Let k be r(-5). Determine g(k).
5
Suppose -31*c - 33*c = -72*c. Let r(h) = -4*h - 6. Give r(c).
-6
Let g(z) be the second derivative of z**5/20 + z**4/3 - 4*z**3/3 - 8*z**2 + 205*z. Give g(-5).
-1
Let h(g) = g**3 - 3*g**2 - g + 8. Let x = 1092 + -1089. What is h(x)?
5
Let j = 826 + -843. Let d(m) = -m**2 - 20*m - 38. Calculate d(j).
13
Let k(v) = 2*v + 3. Let f = -10 - -12. Suppose -l = n - 2, 0*n + n = f*l + 2. Suppose -4 = -0*t + n*t. Calculate k(t).
-1
Let s = 18 + -24. Let b(v) = -2*v**3 + 4*v**2 + 2*v + 3. Let n(y) = -3*y**3 + 3*y**2 + 3. Let r(i) = 4*b(i) - 3*n(i). What is r(s)?
-9
Let d(i) = -i**2 - 4*i - 1. Suppose 0 = -2*q - 5*y + 105, 42 + 17 = q - 4*y. Suppose q = -4*k - 7*k. What is d(k)?
-6
Let q = -6 - 4. Let t = -4 - q. Let u(w) be the first derivative of w**3/3 - 4*w**2 + 2*w + 55. Determine u(t).
-10
Let h be (-80)/120 + (-8)/(-3). Let i(l) = 0*l + 2*l**2 - 2*l + l**2. Determine i(h).
8
Suppose 21*s - 25*s + 32 = -m, -s - 3*m = -8. Let l(y) = y**3 - 7*y**2 - y - 10. What is l(s)?
46
Let z(c) = -2*c**3 - 9*c**2 - 4*c - 9. Let r be z(-4). Let u(d) = -d**2 - 11*d - 7. What is u(r)?
11
Let h(q) = 2*q**2 - 5*q + 14. Let j(l) = l**2 - 2*l + 7. Let z(m) = 4*h(m) - 7*j(m). Let y be z(6). Let o(g) = g**3 - 8*g**2 + 8*g - 9. What is o(y)?
-2
Let s(x) be the second derivative of x**5/5 - x**4/12 - x**3/6 + 36*x + 4. Let i(z) = z**3 - z**2 - 1. Let r be i(1). Determine s(r).
-4
Suppose -2*j + 35 = -8*u + 3*u, 3*j - 5*u - 40 = 0. Suppose 43 = 3*w - 5*n, j = 4*w - 3*n - 34. Let a(b) = -7 - b**2 + 5 + 6*b + 0. Give a(w).
-2
Let w = 102 - 90. Let x(t) = 12*t - 5*t**2 - 12 + w - 11*t. Determine x(-1).
-6
Let a(n) = 5*n**2 + 19*n**2 + 7*n - 5*n + 11868 - 11867. Give a(-1).
23
Let w(c) = -26 + c**3 + 1 + 31 + 5*c**2 - 4*c. Determine w(-5).
26
Let b(z) = -22*z - 14. Let c be b(4). Let p be c/(-255) - 37/5*1. Let d(g) = -g - 7. Determine d(p).
0
Let v(h) = -h**2 - 47*h - 168. Let p be v(-43). Let i(j) = -j**3 + 6*j**2 - 9*j + 8. What is i(p)?
4
Let q(m) = -m**2 - 5*m - 3. Let b(k) = -k**2 + 3*k - 4. Let p be b(4). Let z be (-3)/(-6) - (2 + (-36)/p). What is q(z)?
-9
Let h(b) = b**3 + b**2 + b + 1. Suppose -m = 4*m - 5*o, 2*m = o + 3. Suppose -5*c + 8 = -m*g, 0 = g + 3*g - 5*c + 9. Give h(g).
0
Suppose -14*t + 69 = 9*t. Let f(x) be the second derivative of -1/2*x**2 + 0 - 7/3*x**t - 6*x. Give f(-1).
13
Suppose 4*g = 3*g - 3*x + 6, 2*g = 2*x + 12. Let a(s) be the first derivative of -s**2/2 + 4*s + 4. Calculate a(g).
-2
Suppose -2*q + 140 = 2*c, 2*q = 5*c - 229 - 142. Suppose u + v = -2*v + 27, 3*u - c = -v. Let d = u + -21. Let r(f) = f**2 - 4*f - 3. Give r(d).
-6
Let v(y) = 1 - 4*y + 0 + 4 + 0*y - 1 - y**2. Give v(4).
-28
Let q(h) = 7*h**3 + 2*h**2 - h. Let y = 85 - 85. Let n be (0 + (1 - 2))*(-1 + y). Determine q(n).
8
Let q(l) be the first derivative of -2*l**2 + 5*l - 14. Determine q(-5).
25
Let l(x) = -x**3 + 1. Let k be l(1). Suppose k = -p - 0*p + 5. Suppose -2*z = -p*b, z = b - 2*z. Let w(q) = -q**2 - q + 1. Calculate w(b).
1
Suppose x = -4*w + 3, -2*w - 2*w - 2 = 2*x. Let l(g) = 2*g**w + 3*g - 2*g**2 - g**2 + 2*g**2 - 2. Suppose 0*d = 3*d + 9. Determine l(d).
-2
Let c be (-8 + 13)*6/(-5). Let w be ((-16)/c + -3)*-6. Let p(o) = -o + 2*o - w*o - 2. What is p(6)?
-8
Suppose 260 = -7*j + 2*j. Let p be 3/(-15) - j/10. Let v(n) = -2*n**2 - n**3 - 2*n + p*n**3 + 0*n + 1 + 3*n**2. Calculate v(1).
4
Let l(v) = v**2 + 5*v - 3. Let p be (0 + -1)*9 - 15/(-5). Let f be l(p). Let c(d) = d**3 - 5*d**2 + 3*d + 2. Give c(f).
-7
Suppose -36 = -4*r - 2*r. Let l(d) = 6*d**2 + 6*d - 2 - 12*d**2 + 5*d**2. Calculate l(r).
-2
Let p = 2 - 4. Let m(q) = 1. Let k(s) = s**2 + 4*s + 5. Let f(l) = p*m(l) + k(l). Calculate f(-2).
-1
Let h be (45/12)/((-2)/(-8)). Suppose -4*m = m + h. Let n(p) = 3*p + 3. What is n(m)?
-6
Let n(j) = -j + 8. Let i be n(8). Let t(d) = d**2 - 8 - 5*d - 2*d + i*d - 2. Give t(7).
-10
Suppose 3*s - 7 = 8. Suppose -5*m = -9*m + 12. Let p(v) = m*v - s + 0 + 1 - 2*v. What is p(-6)?
-10
Let u(z) be the second derivative of z**3/6 + z**2/2 + 5*z 